{"id":185,"date":"2023-06-19T12:30:41","date_gmt":"2023-06-19T12:30:41","guid":{"rendered":"https:\/\/confident-davinci.212-227-174-136.plesk.page\/?page_id=185"},"modified":"2023-06-19T12:30:41","modified_gmt":"2023-06-19T12:30:41","slug":"von-der-schwierigkeit-den-herbst-in-ein-kuvert-zu-stecken","status":"publish","type":"page","link":"https:\/\/gretaschneider.at\/index.php\/arbeiten\/geschriebenes-2\/von-der-schwierigkeit-den-herbst-in-ein-kuvert-zu-stecken\/","title":{"rendered":"von der schwierigkeit den herbst in ein kuvert zu stecken"},"content":{"rendered":"<table border=\"0\" width=\"500\" cellspacing=\"0\" cellpadding=\"0\">\n<tbody>\n<tr>\n<th scope=\"col\" width=\"26\"><\/th>\n<th scope=\"col\" width=\"449\"><\/th>\n<th scope=\"col\" width=\"25\"><\/th>\n<\/tr>\n<tr>\n<td><img loading=\"lazy\" decoding=\"async\" src=\"https:\/\/gretaschneider.at\/images\/gif-dunkelste.gif\" width=\"25\" height=\"1\" \/><img loading=\"lazy\" decoding=\"async\" src=\"https:\/\/gretaschneider.at\/images\/gif-dunkelste.gif\" width=\"1\" height=\"1\" \/><\/td>\n<td>\n<div align=\"center\"><\/div>\n<\/td>\n<td><img loading=\"lazy\" decoding=\"async\" src=\"https:\/\/gretaschneider.at\/images\/gif-dunkelste.gif\" alt=\"\" width=\"100\" height=\"1\" \/><\/td>\n<\/tr>\n<tr>\n<td><img loading=\"lazy\" decoding=\"async\" src=\"https:\/\/gretaschneider.at\/images\/gif-dunkelste.gif\" width=\"1\" height=\"15\" \/><\/td>\n<td>&nbsp;<\/p>\n<div align=\"center\">\n<p class=\"Stil20\" align=\"left\">2000<\/p>\n<p class=\"Stil20\" align=\"left\">Von der Schwierigkeit den Herbst in ein Kuvert zu stecken<\/p>\n<p class=\"Stil20\" align=\"left\">\n<p class=\"Stil20\" align=\"left\">Ein nie dagewesener Herbst.\u00a0 Ein wei\u00dfes Blatt am B\u00fccherbaum.<\/p>\n<p class=\"Stil20\" align=\"left\">\n<p class=\"Stil20\" align=\"left\">eingezw\u00e4ngt zwischen die seiten<\/p>\n<p class=\"Stil20\" align=\"left\">einer vergilbenden zeit<\/p>\n<p class=\"Stil20\" align=\"left\">wird die fette kr\u00f6te<\/p>\n<p class=\"Stil20\" align=\"left\">noch einmal zum wasser\u00a0 getrieben<\/p>\n<p class=\"Stil20\" align=\"left\">\n<p class=\"Stil20\" align=\"left\">lichter\u00a0 verschieben schatten<\/p>\n<p class=\"Stil20\" align=\"left\">das maul wird breiter<\/p>\n<p class=\"Stil20\" align=\"left\">die n\u00e4gel bleiben zugespitzt<\/p>\n<p class=\"Stil20\" align=\"left\">im t\u00fcmpel gl\u00e4nzen ringe<\/p>\n<p class=\"Stil20\" align=\"left\">\n<p class=\"Stil20\" align=\"left\">versteinert windet sich die schnecke<\/p>\n<p class=\"Stil20\" align=\"left\">im berg. ein felsen st\u00fcrzt ins tal.<\/p>\n<p class=\"Stil20\" align=\"left\">brenn dornbusch!<\/p>\n<p class=\"Stil20\" align=\"left\">\n<p class=\"Stil20\" align=\"left\">aus tiefvermoosten rissen ziehen<\/p>\n<p class=\"Stil20\" align=\"left\">sonnenarme schleier.<\/p>\n<p class=\"Stil20\" align=\"left\">\n<p class=\"Stil20\" align=\"left\">Die Kr\u00f6te bl\u00e4ht sich auf, setzt sich breitbeinig auf das Podest zwischen die beiden Katzeng\u00f6ttinnen und verlangt zun\u00e4chst nach einem brombeerroten Lippenstift. &#8222;Kiss me, when we touch&#8220; quillt es aus ihrer Gurgel. Sie schl\u00e4gt ein Bein \u00fcber das andere, verlangt nach brombeerrotem Nagellack, r\u00fclpst: &#8222;So einfach geht das nicht, meine Liebe. Nein so einfach nicht&#8220; R\u00fclpst noch einmal. &#8222;Fangen wir einmal bei &#8222;fett&#8220; an.<br \/>\nFett. Ich?\u00a0 Das ist doch eine ausgesprochene Frechheit. Und was bitte, ist eine vergilbende Zeit?\u00a0 Wen meinst Du mit &#8222;das maul wird breiter, die n\u00e4gel bleiben zugespitzt? Mich? Doch nicht mich&#8230;&#8220; Sie grinst und ein brombeerroter Halbkreis umgibt ihren Kopf. Nun lackiert sie sich ihre Z\u00e4henn\u00e4gel.<\/p>\n<p class=\"Stil20\" align=\"left\">&#8222;Zugespitzt,&#8220; schnaubt sie. &#8222;Ich bitte Dich, hast zu keine anderen W\u00f6rter? Zu mir passende W\u00f6rter? W\u00f6rter wie Vomaussterbenbedroht. Wichtig f\u00fcr den boilogischen Kreislauf.&#8220; Die Kr\u00f6te sch\u00fcttelt ver\u00e4chtlich den Kopf. &#8222;Ich mache ja auch kein politisch unkorrektes Gedicht \u00fcber Dich. Ich lasse meine Bilde hinter meinen Augen<br \/>\nund bel\u00e4stige nicht mir unbekannte Wesen mit ihnen.&#8220; Ich sehe, da\u00df die Kr\u00f6te die Wahrheit spricht. Die eingesperrten Bilder lassen ihr die Augen aus dem Kopf quellen. Nun schaut sie mich noch einmal verletzt und vorwurfsvoll.<\/p>\n<p class=\"Stil20\" align=\"left\">Ich sch\u00e4me mich. Und bevor mich die versteinerte Schnecke, der Dornbusch und die Sonnenarme auf die Anklagebank zerren k\u00f6nnen, nehme ich das Gedicht und verstecke es vor mir selbst.<\/p>\n<p class=\"Stil20\" align=\"left\">\n<p class=\"Stil20\" align=\"left\">Herbst, h\u00f6re ich da die wohlbekannte Stimme aus mir, Herbst&#8230;<\/p>\n<p class=\"Stil20\" align=\"left\">\n<p class=\"Stil20\" align=\"left\">die erde liegt bereit zu sterben<\/p>\n<p class=\"Stil20\" align=\"left\">und borstig ist die einst so gr\u00fcne haut<\/p>\n<p class=\"Stil20\" align=\"left\">ein strassenk\u00fcnstler tr\u00e4umt vom erben.<\/p>\n<p class=\"Stil20\" align=\"left\">in plastikf\u00e4ssern g\u00e4rt das kraut.<\/p>\n<p class=\"Stil20\" align=\"left\">\n<p class=\"Stil20\" align=\"left\">vergi\u00df den \u00f6ltank nicht zu f\u00fcllen!<\/p>\n<p class=\"Stil20\" align=\"left\">die radiatoren solln gel\u00fcftet sein!<\/p>\n<p class=\"Stil20\" align=\"left\">die fenster schlie\u00dfen dicht und br\u00fcllen<\/p>\n<p class=\"Stil20\" align=\"left\">kannst du nun ungeh\u00f6rt tagaus tagein.<\/p>\n<p class=\"Stil20\" align=\"left\">\n<p class=\"Stil20\" align=\"left\">wer zeit und geld hat wird ein flugzeug nehmen,<\/p>\n<p class=\"Stil20\" align=\"left\">wird, wie die alten, gegen s\u00fcden ziehn.<\/p>\n<p class=\"Stil20\" align=\"left\">riecht meer und blumen und mu\u00df sich nicht sehnen<\/p>\n<p class=\"Stil20\" align=\"left\">\n<p class=\"Stil20\" align=\"left\">nach einem kleid, das schultern zeigt.<\/p>\n<p class=\"Stil20\" align=\"left\">der m\u00fcnzenhut am pflaster ist geliehen,<\/p>\n<p class=\"Stil20\" align=\"left\">sein fu\u00df wippt mit, wenn er die annenpolka geigt.<\/p>\n<p class=\"Stil20\" align=\"left\">\n<p class=\"Stil20\" align=\"left\">&#8222;Nein&#8220; sagte er. &#8222;Nein. So nett bin ich wiederum auch nicht, da\u00df ich mich von dir ben\u00fctzen lasse. Such dir einen anderen, \u00fcber den du dich lustig machen kannst. Ich habe f\u00fcr meine Kunst gelitten! Wermuthstropfen, ha, Tr\u00e4nenb\u00e4che haben meine W\u00f6rter getr\u00e4nkt, haben meine Sprache wachsen und gro\u00df werden lassen.<\/p>\n<p class=\"Stil20\" align=\"left\">Mich in ein Kuvert sperren? Mir eine Briefmarke auf den Satztanfang kleben lassen&#8230; ach, das bi\u00dfchen Papier dazwischen, meinst du er k\u00f6nnte den Druck, den Du im Augenblick des Festwischens\u00a0 der Marke auf mich aus\u00fcben w\u00fcrdest ungeschehen machen.<\/p>\n<p>Nein. Mich zw\u00e4ngst du nicht unter eine fremde Adresse, mich nicht.<\/p>\n<p class=\"Stil20\" align=\"left\">Die Stimme\u00a0 beginnt Monatsnamen zu fl\u00fcstern. Von Innen schleicht sie sich in meine Ohren, in mein Hirn.<\/p>\n<p class=\"Stil20\" align=\"left\">\n<p class=\"Stil20\" align=\"left\">september<\/p>\n<p class=\"Stil20\" align=\"left\">die luft glasklar,<\/p>\n<p class=\"Stil20\" align=\"left\">die tage kurzgeschnitten<\/p>\n<p class=\"Stil20\" align=\"left\">herbstzeitlosen zwischen harten gr\u00e4sern.<\/p>\n<p class=\"Stil20\" align=\"left\">brombeeren brummen<\/p>\n<p class=\"Stil20\" align=\"left\">zungen blau<\/p>\n<p class=\"Stil20\" align=\"left\">tschatschau<\/p>\n<p class=\"Stil20\" align=\"left\">ein gr\u00fcner igel platzt.<\/p>\n<p class=\"Stil20\" align=\"left\">\n<p class=\"Stil20\" align=\"left\">oktober<\/p>\n<p class=\"Stil20\" align=\"left\">mantel aus dem schrank<\/p>\n<p class=\"Stil20\" align=\"left\">sonst wirst du krank<\/p>\n<p class=\"Stil20\" align=\"left\">trauben auf den tisch<\/p>\n<p class=\"Stil20\" align=\"left\">der sturm macht zisch.<\/p>\n<p class=\"Stil20\" align=\"left\">noch tragen b\u00e4ume bunte kleider<\/p>\n<p class=\"Stil20\" align=\"left\">doch bald bald doch leider leider<\/p>\n<p class=\"Stil20\" align=\"left\">werden sie nackt im flockentempel tanzen<\/p>\n<p class=\"Stil20\" align=\"left\">es lockt die ferne<\/p>\n<p class=\"Stil20\" align=\"left\">ach wie gerne..!<\/p>\n<p class=\"Stil20\" align=\"left\">doch dann wie immer:<\/p>\n<p class=\"Stil20\" align=\"left\">heizungswarten<\/p>\n<p class=\"Stil20\" align=\"left\">letzter aufruf.<\/p>\n<p class=\"Stil20\" align=\"left\">\n<p class=\"Stil20\" align=\"left\">\n<p class=\"Stil20\" align=\"left\">\n<p class=\"Stil20\" align=\"left\">november<\/p>\n<p class=\"Stil20\" align=\"left\">hinterm glaslaternenglas<\/p>\n<p class=\"Stil20\" align=\"left\">flackern<\/p>\n<p class=\"Stil20\" align=\"left\">lichter<\/p>\n<p class=\"Stil20\" align=\"left\">engel werden<\/p>\n<p class=\"Stil20\" align=\"left\">reingewaschen<\/p>\n<p class=\"Stil20\" align=\"left\">heidekraut als winterfarbe<\/p>\n<p class=\"Stil20\" align=\"left\">alle seelen ruhn<\/p>\n<p class=\"Stil20\" align=\"left\">in frieden<\/p>\n<p class=\"Stil20\" align=\"left\">und die sonne<\/p>\n<p class=\"Stil20\" align=\"left\">gl\u00e4nzt das meer in einen spiegel um<\/p>\n<p class=\"Stil20\" align=\"left\">in dem der himmel sich erkennt.<\/p>\n<p class=\"Stil20\" align=\"left\">\n<p class=\"Stil20\" align=\"left\">Die Stimme meint was sie mir sagt w\u00e4r neu und so noch nie gesagt. Ich g\u00e4hne laut, die alten Bilder vor Augen und eine herbstliche M\u00fcdigkeit \u00fcberf\u00e4llt mich.<\/p>\n<p class=\"Stil20\" align=\"left\">Winterschlaf. Die Sehnsucht nach bl\u00fchenden Wiesen. Die Enge eines Kuverts ist selbst dem Herbst nicht zumutbar &#8230;die Stimme raunt mir ein Fr\u00fchlingsgedicht ins Herz&#8230;V\u00f6gelgezwitscher und Bienengesumm&#8230;ich sehe sechs Buchstaben H E R B S T<br \/>\nund beginne sie neu zu ordnen:<\/p>\n<p class=\"Stil20\" align=\"left\">Reh, streb her sehr sehr her.<\/p>\n<p class=\"Stil20\" align=\"left\">\n<p class=\"Stil20\" align=\"left\">\n<p>&nbsp;<\/p>\n<\/div>\n<\/td>\n<td><\/td>\n<\/tr>\n<tr>\n<td><img loading=\"lazy\" decoding=\"async\" src=\"https:\/\/gretaschneider.at\/images\/gif-dunkelste.gif\" width=\"1\" height=\"25\" \/><\/td>\n<td>\n<div align=\"center\"><\/div>\n<\/td>\n<td><\/td>\n<\/tr>\n<tr>\n<td><\/td>\n<td>\n<div align=\"right\"><\/div>\n<\/td>\n<td><\/td>\n<\/tr>\n<tr>\n<td><\/td>\n<td><\/td>\n<td><\/td>\n<\/tr>\n<tr>\n<td><\/td>\n<td>\n<div class=\"Stil1\" align=\"center\">\n<div align=\"left\"><\/div>\n<\/div>\n<\/td>\n<td><\/td>\n<\/tr>\n<\/tbody>\n<\/table>\n","protected":false},"excerpt":{"rendered":"<p>&nbsp; 2000 Von der Schwierigkeit den Herbst in ein Kuvert zu stecken Ein nie dagewesener Herbst.\u00a0 Ein wei\u00dfes Blatt am B\u00fccherbaum. eingezw\u00e4ngt zwischen die seiten einer vergilbenden zeit wird die fette kr\u00f6te noch einmal zum wasser\u00a0 getrieben lichter\u00a0 verschieben schatten das maul wird breiter die n\u00e4gel bleiben zugespitzt im t\u00fcmpel gl\u00e4nzen ringe versteinert windet sich [&hellip;]<\/p>\n","protected":false},"author":1,"featured_media":0,"parent":175,"menu_order":4,"comment_status":"closed","ping_status":"closed","template":"","meta":{"footnotes":""},"class_list":["post-185","page","type-page","status-publish","hentry"],"_links":{"self":[{"href":"https:\/\/gretaschneider.at\/index.php\/wp-json\/wp\/v2\/pages\/185","targetHints":{"allow":["GET"]}}],"collection":[{"href":"https:\/\/gretaschneider.at\/index.php\/wp-json\/wp\/v2\/pages"}],"about":[{"href":"https:\/\/gretaschneider.at\/index.php\/wp-json\/wp\/v2\/types\/page"}],"author":[{"embeddable":true,"href":"https:\/\/gretaschneider.at\/index.php\/wp-json\/wp\/v2\/users\/1"}],"replies":[{"embeddable":true,"href":"https:\/\/gretaschneider.at\/index.php\/wp-json\/wp\/v2\/comments?post=185"}],"version-history":[{"count":1,"href":"https:\/\/gretaschneider.at\/index.php\/wp-json\/wp\/v2\/pages\/185\/revisions"}],"predecessor-version":[{"id":186,"href":"https:\/\/gretaschneider.at\/index.php\/wp-json\/wp\/v2\/pages\/185\/revisions\/186"}],"up":[{"embeddable":true,"href":"https:\/\/gretaschneider.at\/index.php\/wp-json\/wp\/v2\/pages\/175"}],"wp:attachment":[{"href":"https:\/\/gretaschneider.at\/index.php\/wp-json\/wp\/v2\/media?parent=185"}],"curies":[{"name":"wp","href":"https:\/\/api.w.org\/{rel}","templated":true}]}}

<table border="0" width="500" cellspacing="0" cellpadding="0">
<tbody>
<tr>
<th scope="col" width="26"></th>
<th scope="col" width="449"></th>
<th scope="col" width="25"></th>
</tr>
<tr>
<td><img loading="lazy" decoding="async" src="https://gretaschneider.at/images/gif-dunkelste.gif" width="25" height="1" /><img loading="lazy" decoding="async" src="https://gretaschneider.at/images/gif-dunkelste.gif" width="1" height="1" /></td>
<td>
<div align="center"></div>
</td>
<td><img loading="lazy" decoding="async" src="https://gretaschneider.at/images/gif-dunkelste.gif" alt="" width="100" height="1" /></td>
</tr>
<tr>
<td><img loading="lazy" decoding="async" src="https://gretaschneider.at/images/gif-dunkelste.gif" width="1" height="15" /></td>
<td>&nbsp;</p>
<div align="center">
<p class="Stil20" align="left">2000</p>
<p class="Stil20" align="left">Von der Schwierigkeit den Herbst in ein Kuvert zu stecken</p>
<p class="Stil20" align="left">
<p class="Stil20" align="left">Ein nie dagewesener Herbst.  Ein weißes Blatt am Bücherbaum.</p>
<p class="Stil20" align="left">
<p class="Stil20" align="left">eingezwängt zwischen die seiten</p>
<p class="Stil20" align="left">einer vergilbenden zeit</p>
<p class="Stil20" align="left">wird die fette kröte</p>
<p class="Stil20" align="left">noch einmal zum wasser  getrieben</p>
<p class="Stil20" align="left">
<p class="Stil20" align="left">lichter  verschieben schatten</p>
<p class="Stil20" align="left">das maul wird breiter</p>
<p class="Stil20" align="left">die nägel bleiben zugespitzt</p>
<p class="Stil20" align="left">im tümpel glänzen ringe</p>
<p class="Stil20" align="left">
<p class="Stil20" align="left">versteinert windet sich die schnecke</p>
<p class="Stil20" align="left">im berg. ein felsen stürzt ins tal.</p>
<p class="Stil20" align="left">brenn dornbusch!</p>
<p class="Stil20" align="left">
<p class="Stil20" align="left">aus tiefvermoosten rissen ziehen</p>
<p class="Stil20" align="left">sonnenarme schleier.</p>
<p class="Stil20" align="left">
<p class="Stil20" align="left">Die Kröte bläht sich auf, setzt sich breitbeinig auf das Podest zwischen die beiden Katzengöttinnen und verlangt zunächst nach einem brombeerroten Lippenstift. &#8222;Kiss me, when we touch&#8220; quillt es aus ihrer Gurgel. Sie schlägt ein Bein über das andere, verlangt nach brombeerrotem Nagellack, rülpst: &#8222;So einfach geht das nicht, meine Liebe. Nein so einfach nicht&#8220; Rülpst noch einmal. &#8222;Fangen wir einmal bei &#8222;fett&#8220; an.<br />
Fett. Ich?  Das ist doch eine ausgesprochene Frechheit. Und was bitte, ist eine vergilbende Zeit?  Wen meinst Du mit &#8222;das maul wird breiter, die nägel bleiben zugespitzt? Mich? Doch nicht mich&#8230;&#8220; Sie grinst und ein brombeerroter Halbkreis umgibt ihren Kopf. Nun lackiert sie sich ihre Zähennägel.</p>
<p class="Stil20" align="left">&#8222;Zugespitzt,&#8220; schnaubt sie. &#8222;Ich bitte Dich, hast zu keine anderen Wörter? Zu mir passende Wörter? Wörter wie Vomaussterbenbedroht. Wichtig für den boilogischen Kreislauf.&#8220; Die Kröte schüttelt verächtlich den Kopf. &#8222;Ich mache ja auch kein politisch unkorrektes Gedicht über Dich. Ich lasse meine Bilde hinter meinen Augen<br />
und belästige nicht mir unbekannte Wesen mit ihnen.&#8220; Ich sehe, daß die Kröte die Wahrheit spricht. Die eingesperrten Bilder lassen ihr die Augen aus dem Kopf quellen. Nun schaut sie mich noch einmal verletzt und vorwurfsvoll.</p>
<p class="Stil20" align="left">Ich schäme mich. Und bevor mich die versteinerte Schnecke, der Dornbusch und die Sonnenarme auf die Anklagebank zerren können, nehme ich das Gedicht und verstecke es vor mir selbst.</p>
<p class="Stil20" align="left">
<p class="Stil20" align="left">Herbst, höre ich da die wohlbekannte Stimme aus mir, Herbst&#8230;</p>
<p class="Stil20" align="left">
<p class="Stil20" align="left">die erde liegt bereit zu sterben</p>
<p class="Stil20" align="left">und borstig ist die einst so grüne haut</p>
<p class="Stil20" align="left">ein strassenkünstler träumt vom erben.</p>
<p class="Stil20" align="left">in plastikfässern gärt das kraut.</p>
<p class="Stil20" align="left">
<p class="Stil20" align="left">vergiß den öltank nicht zu füllen!</p>
<p class="Stil20" align="left">die radiatoren solln gelüftet sein!</p>
<p class="Stil20" align="left">die fenster schließen dicht und brüllen</p>
<p class="Stil20" align="left">kannst du nun ungehört tagaus tagein.</p>
<p class="Stil20" align="left">
<p class="Stil20" align="left">wer zeit und geld hat wird ein flugzeug nehmen,</p>
<p class="Stil20" align="left">wird, wie die alten, gegen süden ziehn.</p>
<p class="Stil20" align="left">riecht meer und blumen und muß sich nicht sehnen</p>
<p class="Stil20" align="left">
<p class="Stil20" align="left">nach einem kleid, das schultern zeigt.</p>
<p class="Stil20" align="left">der münzenhut am pflaster ist geliehen,</p>
<p class="Stil20" align="left">sein fuß wippt mit, wenn er die annenpolka geigt.</p>
<p class="Stil20" align="left">
<p class="Stil20" align="left">&#8222;Nein&#8220; sagte er. &#8222;Nein. So nett bin ich wiederum auch nicht, daß ich mich von dir benützen lasse. Such dir einen anderen, über den du dich lustig machen kannst. Ich habe für meine Kunst gelitten! Wermuthstropfen, ha, Tränenbäche haben meine Wörter getränkt, haben meine Sprache wachsen und groß werden lassen.</p>
<p class="Stil20" align="left">Mich in ein Kuvert sperren? Mir eine Briefmarke auf den Satztanfang kleben lassen&#8230; ach, das bißchen Papier dazwischen, meinst du er könnte den Druck, den Du im Augenblick des Festwischens  der Marke auf mich ausüben würdest ungeschehen machen.</p>
<p>Nein. Mich zwängst du nicht unter eine fremde Adresse, mich nicht.</p>
<p class="Stil20" align="left">Die Stimme  beginnt Monatsnamen zu flüstern. Von Innen schleicht sie sich in meine Ohren, in mein Hirn.</p>
<p class="Stil20" align="left">
<p class="Stil20" align="left">september</p>
<p class="Stil20" align="left">die luft glasklar,</p>
<p class="Stil20" align="left">die tage kurzgeschnitten</p>
<p class="Stil20" align="left">herbstzeitlosen zwischen harten gräsern.</p>
<p class="Stil20" align="left">brombeeren brummen</p>
<p class="Stil20" align="left">zungen blau</p>
<p class="Stil20" align="left">tschatschau</p>
<p class="Stil20" align="left">ein grüner igel platzt.</p>
<p class="Stil20" align="left">
<p class="Stil20" align="left">oktober</p>
<p class="Stil20" align="left">mantel aus dem schrank</p>
<p class="Stil20" align="left">sonst wirst du krank</p>
<p class="Stil20" align="left">trauben auf den tisch</p>
<p class="Stil20" align="left">der sturm macht zisch.</p>
<p class="Stil20" align="left">noch tragen bäume bunte kleider</p>
<p class="Stil20" align="left">doch bald bald doch leider leider</p>
<p class="Stil20" align="left">werden sie nackt im flockentempel tanzen</p>
<p class="Stil20" align="left">es lockt die ferne</p>
<p class="Stil20" align="left">ach wie gerne..!</p>
<p class="Stil20" align="left">doch dann wie immer:</p>
<p class="Stil20" align="left">heizungswarten</p>
<p class="Stil20" align="left">letzter aufruf.</p>
<p class="Stil20" align="left">
<p class="Stil20" align="left">
<p class="Stil20" align="left">
<p class="Stil20" align="left">november</p>
<p class="Stil20" align="left">hinterm glaslaternenglas</p>
<p class="Stil20" align="left">flackern</p>
<p class="Stil20" align="left">lichter</p>
<p class="Stil20" align="left">engel werden</p>
<p class="Stil20" align="left">reingewaschen</p>
<p class="Stil20" align="left">heidekraut als winterfarbe</p>
<p class="Stil20" align="left">alle seelen ruhn</p>
<p class="Stil20" align="left">in frieden</p>
<p class="Stil20" align="left">und die sonne</p>
<p class="Stil20" align="left">glänzt das meer in einen spiegel um</p>
<p class="Stil20" align="left">in dem der himmel sich erkennt.</p>
<p class="Stil20" align="left">
<p class="Stil20" align="left">Die Stimme meint was sie mir sagt wär neu und so noch nie gesagt. Ich gähne laut, die alten Bilder vor Augen und eine herbstliche Müdigkeit überfällt mich.</p>
<p class="Stil20" align="left">Winterschlaf. Die Sehnsucht nach blühenden Wiesen. Die Enge eines Kuverts ist selbst dem Herbst nicht zumutbar &#8230;die Stimme raunt mir ein Frühlingsgedicht ins Herz&#8230;Vögelgezwitscher und Bienengesumm&#8230;ich sehe sechs Buchstaben H E R B S T<br />
und beginne sie neu zu ordnen:</p>
<p class="Stil20" align="left">Reh, streb her sehr sehr her.</p>
<p class="Stil20" align="left">
<p class="Stil20" align="left">
<p>&nbsp;</p>
</div>
</td>
<td></td>
</tr>
<tr>
<td><img loading="lazy" decoding="async" src="https://gretaschneider.at/images/gif-dunkelste.gif" width="1" height="25" /></td>
<td>
<div align="center"></div>
</td>
<td></td>
</tr>
<tr>
<td></td>
<td>
<div align="right"></div>
</td>
<td></td>
</tr>
<tr>
<td></td>
<td></td>
<td></td>
</tr>
<tr>
<td></td>
<td>
<div class="Stil1" align="center">
<div align="left"></div>
</div>
</td>
<td></td>
</tr>
</tbody>
</table>

<p>&nbsp; 2000 Von der Schwierigkeit den Herbst in ein Kuvert zu stecken Ein nie dagewesener Herbst.  Ein weißes Blatt am Bücherbaum. eingezwängt zwischen die seiten einer vergilbenden zeit wird die fette kröte noch einmal zum wasser  getrieben lichter  verschieben schatten das maul wird breiter die nägel bleiben zugespitzt im tümpel glänzen ringe versteinert windet sich [&hellip;]</p>
